{"id":11,"date":"2025-12-06T13:04:15","date_gmt":"2025-12-06T12:04:15","guid":{"rendered":"https:\/\/parafiamalawa.pl\/?page_id=11"},"modified":"2025-12-07T02:09:52","modified_gmt":"2025-12-07T01:09:52","slug":"strona-glowna","status":"publish","type":"page","link":"https:\/\/parafiamalawa.pl\/","title":{"rendered":"Strona g\u0142\u00f3wna"},"content":{"rendered":"\t\t<div data-elementor-type=\"wp-page\" data-elementor-id=\"11\" class=\"elementor elementor-11\">\n\t\t\t\t<div class=\"elementor-element elementor-element-121a809 e-flex e-con-boxed e-con e-parent\" data-id=\"121a809\" data-element_type=\"container\">\n\t\t\t\t\t<div class=\"e-con-inner\">\n\t\t\t\t<div class=\"elementor-element elementor-element-40664a3 elementor-widget elementor-widget-heading\" data-id=\"40664a3\" data-element_type=\"widget\" data-widget_type=\"heading.default\">\n\t\t\t\t\t<h2 class=\"elementor-heading-title elementor-size-default\">Witamy w Parafii pw. \u015awi\u0119tego Wawrzy\u0144ca w Malawie<\/h2>\t\t\t\t<\/div>\n\t\t\t\t\t<\/div>\n\t\t\t\t<\/div>\n\t\t<div class=\"elementor-element elementor-element-48d0041 e-flex e-con-boxed e-con e-parent\" data-id=\"48d0041\" data-element_type=\"container\" data-settings=\"{&quot;background_background&quot;:&quot;classic&quot;}\">\n\t\t\t\t\t<div class=\"e-con-inner\">\n\t\t\t\t<div class=\"elementor-element elementor-element-d0a7e33 elementor-widget elementor-widget-image\" data-id=\"d0a7e33\" data-element_type=\"widget\" data-widget_type=\"image.default\">\n\t\t\t\t\t\t\t\t\t\t\t\t\t\t\t<img fetchpriority=\"high\" decoding=\"async\" width=\"1920\" height=\"1081\" src=\"https:\/\/parafiamalawa.pl\/wp-content\/uploads\/2025\/12\/church.webp\" class=\"attachment-full size-full wp-image-28\" alt=\"\" srcset=\"https:\/\/parafiamalawa.pl\/wp-content\/uploads\/2025\/12\/church.webp 1920w, https:\/\/parafiamalawa.pl\/wp-content\/uploads\/2025\/12\/church-300x169.webp 300w, https:\/\/parafiamalawa.pl\/wp-content\/uploads\/2025\/12\/church-1024x577.webp 1024w, https:\/\/parafiamalawa.pl\/wp-content\/uploads\/2025\/12\/church-768x432.webp 768w, https:\/\/parafiamalawa.pl\/wp-content\/uploads\/2025\/12\/church-1536x865.webp 1536w\" sizes=\"(max-width: 1920px) 100vw, 1920px\" \/>\t\t\t\t\t\t\t\t\t\t\t\t\t\t\t<\/div>\n\t\t\t\t\t<\/div>\n\t\t\t\t<\/div>\n\t\t<div class=\"elementor-element elementor-element-66df622 e-flex e-con-boxed e-con e-parent\" data-id=\"66df622\" data-element_type=\"container\">\n\t\t\t\t\t<div class=\"e-con-inner\">\n\t\t\t\t<div class=\"elementor-element elementor-element-bf7a2f3 elementor-widget elementor-widget-text-editor\" data-id=\"bf7a2f3\" data-element_type=\"widget\" data-widget_type=\"text-editor.default\">\n\t\t\t\t\t\t\t\t\t<p><span style=\"color: #000000;\">Pocz\u0105tki parafii i ko\u015bcio\u0142a w Malawie s\u0105 nieznane. Na pewno jednak parafia powsta\u0142a za Kazimierza Wielkiego, kt\u00f3ry przy\u0142\u0105czy\u0142 do Polski Ru\u015b Czerwon\u0105, a wi\u0119c przed 1370 r. Pierwszy, drewniany ko\u015bci\u00f3\u0142 parafialny p.w. \u015aw. Wawrzy\u0144ca zbudowany w bli\u017cej nie okre\u015blonym czasie, zosta\u0142 rozebrany z powodu wielkiej staro\u015bci w 1720 r. Na tym samym miejscu, J\u00f3zef Poni\u0144ski dzier\u017cawca Malawy, wybudowa\u0142 w 1721 r. nowy ko\u015bci\u00f3\u0142, r\u00f3wnie\u017c drewniany, na d\u0119bowych podwalinach, kryty gontem, a w 1919 r. blach\u0105. P\u00f3\u017aniej do tego ko\u015bcio\u0142a dobudowano du\u017cy przedsionek. Ten drugi ko\u015bci\u00f3\u0142 spali\u0142 si\u0119 06.05.1921 r. Obecny ko\u015bci\u00f3\u0142, murowany, parafia wybudowa\u0142a w\u0142asnymi si\u0142ami w ci\u0105gu dw\u00f3ch lat, od 1921 da 1923 r. pod kierunkiem proboszcza ks. Franciszka Kotuli. Ca\u0142y wystr\u00f3j wewn\u0119trzny ko\u015bcio\u0142a, dostosowany do stylu neogotyckiego \u015bwi\u0105tyni, wykonano r\u00f3wnie\u017c za tego proboszcza. Ko\u015bci\u00f3\u0142 zosta\u0142 zbudowany w innym miejscu, gdy\u017c dawna parcela le\u017c\u0105ca na wzg\u00f3rza by\u0142a za ma\u0142a. Po\u015bwi\u0119ci\u0142 go bp Karol J\u00f3zef Fischer w 1923 r., a konsekrowa\u0142 bp Franciszek Barda, Biskup Przemyski, w 1931 r.<\/span><br \/><span style=\"color: #000000;\">Parafia ma ko\u015bci\u00f3\u0142 dojazdowy p.w. \u015bw. Marii Magdaleny, znajduj\u0105cy si\u0119 na najwy\u017cszym wzniesieniu podrzeszowskiej okolicy (399 m n.p.m.). W 1994 r. obok ko\u015bci\u00f3\u0142ka wzniesiono wie\u017c\u0119 nadawcz\u0105 diecezjalnego Radia \u201eVIA\u201d. Na temat pocz\u0105tk\u00f3w istnienia ko\u015bci\u00f3\u0142ka nie dysponujemy dostatecznymi dokumentami historycznymi. Pierwsza wzmianka w Archiwum Diecezji Przemyskiej o drewnianym ko\u015bci\u00f3\u0142ku pochodzi z XVII w. Wynika z niej, i\u017c jeszcze 1627 r. na g\u00f3rce w Malawie sta\u0142 ko\u015bci\u00f3\u0142, kt\u00f3ry ocala\u0142 jako jeden z nielicznych w okolicy, podczas niszczycielskiego najazdu Tatar\u00f3w w 1624 r. Biskup Przemyski kaza\u0142 go przenie\u015b\u0107 do s\u0105siedniej wioski Krasne, gdzie s\u0142u\u017cy\u0142 wiernym a\u017c do 1741 r. P\u00f3\u017aniej ksi\u0105\u017ce Jerzy Lubomirski wybudowa\u0142 now\u0105 kaplic\u0119 murowan\u0105 w stylu renesansowym, tak\u017ce p.w. \u015bw. Marii Magdaleny. U schy\u0142ku XVIII w. ko\u015bci\u00f3\u0142ek zosta\u0142 opuszczony i uleg\u0142 znacznemu zniszczeniu. Odbudowano go dopiero w 1847 r.<\/span><\/p>\t\t\t\t\t\t\t\t<\/div>\n\t\t\t\t\t<\/div>\n\t\t\t\t<\/div>\n\t\t<div class=\"elementor-element elementor-element-326ffe0 e-flex e-con-boxed e-con e-parent\" data-id=\"326ffe0\" data-element_type=\"container\">\n\t\t\t\t\t<div class=\"e-con-inner\">\n\t\t\t\t<div class=\"elementor-element elementor-element-60f058d elementor-widget elementor-widget-text-editor\" data-id=\"60f058d\" data-element_type=\"widget\" data-widget_type=\"text-editor.default\">\n\t\t\t\t\t\t\t\t\t<h1>Prace nad przywr\u00f3ceniem i rozbudow\u0105 witryny wci\u0105\u017c trwaj\u0105.<\/h1><h1>Na chwil\u0119 obecn\u0105 maj\u0105 Pa\u0144stwo dost\u0119p do podstawowych informacji oraz og\u0142osze\u0144 parafialnych<\/h1>\t\t\t\t\t\t\t\t<\/div>\n\t\t\t\t\t<\/div>\n\t\t\t\t<\/div>\n\t\t<div class=\"elementor-element elementor-element-05d0455 e-flex e-con-boxed e-con e-parent\" data-id=\"05d0455\" data-element_type=\"container\">\n\t\t\t\t\t<div class=\"e-con-inner\">\n\t\t\t\t<div class=\"elementor-element elementor-element-ec7f68d elementor-widget elementor-widget-image\" data-id=\"ec7f68d\" data-element_type=\"widget\" data-widget_type=\"image.default\">\n\t\t\t\t\t\t\t\t\t\t\t\t\t\t\t<img decoding=\"async\" width=\"768\" height=\"419\" src=\"https:\/\/parafiamalawa.pl\/wp-content\/uploads\/2025\/12\/prace_modernizacyjne-768x419.webp\" class=\"attachment-medium_large size-medium_large wp-image-162\" alt=\"\" srcset=\"https:\/\/parafiamalawa.pl\/wp-content\/uploads\/2025\/12\/prace_modernizacyjne-768x419.webp 768w, https:\/\/parafiamalawa.pl\/wp-content\/uploads\/2025\/12\/prace_modernizacyjne-300x164.webp 300w, https:\/\/parafiamalawa.pl\/wp-content\/uploads\/2025\/12\/prace_modernizacyjne-1024x559.webp 1024w, https:\/\/parafiamalawa.pl\/wp-content\/uploads\/2025\/12\/prace_modernizacyjne-1536x838.webp 1536w, https:\/\/parafiamalawa.pl\/wp-content\/uploads\/2025\/12\/prace_modernizacyjne-scaled.webp 1920w\" sizes=\"(max-width: 768px) 100vw, 768px\" \/>\t\t\t\t\t\t\t\t\t\t\t\t\t\t\t<\/div>\n\t\t\t\t\t<\/div>\n\t\t\t\t<\/div>\n\t\t\t\t<\/div>\n\t\t","protected":false},"excerpt":{"rendered":"<p>Witamy w Parafii pw. \u015awi\u0119tego Wawrzy\u0144ca w Malawie Pocz\u0105tki parafii i ko\u015bcio\u0142a w Malawie s\u0105 nieznane. Na pewno jednak parafia [&hellip;]<\/p>\n","protected":false},"author":1,"featured_media":0,"parent":0,"menu_order":0,"comment_status":"closed","ping_status":"closed","template":"","meta":{"site-sidebar-layout":"no-sidebar","site-content-layout":"","ast-site-content-layout":"full-width-container","site-content-style":"default","site-sidebar-style":"default","ast-global-header-display":"","ast-banner-title-visibility":"","ast-main-header-display":"","ast-hfb-above-header-display":"","ast-hfb-below-header-display":"","ast-hfb-mobile-header-display":"","site-post-title":"disabled","ast-breadcrumbs-content":"","ast-featured-img":"disabled","footer-sml-layout":"","theme-transparent-header-meta":"","adv-header-id-meta":"","stick-header-meta":"","header-above-stick-meta":"","header-main-stick-meta":"","header-below-stick-meta":"","astra-migrate-meta-layouts":"default","ast-page-background-enabled":"default","ast-page-background-meta":{"desktop":{"background-color":"var(--ast-global-color-5)","background-image":"","background-repeat":"repeat","background-position":"center center","background-size":"auto","background-attachment":"scroll","background-type":"","background-media":"","overlay-type":"","overlay-color":"","overlay-opacity":"","overlay-gradient":""},"tablet":{"background-color":"","background-image":"","background-repeat":"repeat","background-position":"center center","background-size":"auto","background-attachment":"scroll","background-type":"","background-media":"","overlay-type":"","overlay-color":"","overlay-opacity":"","overlay-gradient":""},"mobile":{"background-color":"","background-image":"","background-repeat":"repeat","background-position":"center center","background-size":"auto","background-attachment":"scroll","background-type":"","background-media":"","overlay-type":"","overlay-color":"","overlay-opacity":"","overlay-gradient":""}},"ast-content-background-meta":{"desktop":{"background-color":"var(--ast-global-color-4)","background-image":"","background-repeat":"repeat","background-position":"center center","background-size":"auto","background-attachment":"scroll","background-type":"","background-media":"","overlay-type":"","overlay-color":"","overlay-opacity":"","overlay-gradient":""},"tablet":{"background-color":"var(--ast-global-color-4)","background-image":"","background-repeat":"repeat","background-position":"center center","background-size":"auto","background-attachment":"scroll","background-type":"","background-media":"","overlay-type":"","overlay-color":"","overlay-opacity":"","overlay-gradient":""},"mobile":{"background-color":"var(--ast-global-color-4)","background-image":"","background-repeat":"repeat","background-position":"center center","background-size":"auto","background-attachment":"scroll","background-type":"","background-media":"","overlay-type":"","overlay-color":"","overlay-opacity":"","overlay-gradient":""}},"footnotes":""},"class_list":["post-11","page","type-page","status-publish","hentry"],"_links":{"self":[{"href":"https:\/\/parafiamalawa.pl\/index.php?rest_route=\/wp\/v2\/pages\/11","targetHints":{"allow":["GET"]}}],"collection":[{"href":"https:\/\/parafiamalawa.pl\/index.php?rest_route=\/wp\/v2\/pages"}],"about":[{"href":"https:\/\/parafiamalawa.pl\/index.php?rest_route=\/wp\/v2\/types\/page"}],"author":[{"embeddable":true,"href":"https:\/\/parafiamalawa.pl\/index.php?rest_route=\/wp\/v2\/users\/1"}],"replies":[{"embeddable":true,"href":"https:\/\/parafiamalawa.pl\/index.php?rest_route=%2Fwp%2Fv2%2Fcomments&post=11"}],"version-history":[{"count":35,"href":"https:\/\/parafiamalawa.pl\/index.php?rest_route=\/wp\/v2\/pages\/11\/revisions"}],"predecessor-version":[{"id":295,"href":"https:\/\/parafiamalawa.pl\/index.php?rest_route=\/wp\/v2\/pages\/11\/revisions\/295"}],"wp:attachment":[{"href":"https:\/\/parafiamalawa.pl\/index.php?rest_route=%2Fwp%2Fv2%2Fmedia&parent=11"}],"curies":[{"name":"wp","href":"https:\/\/api.w.org\/{rel}","templated":true}]}}

Strona główna

<div data-elementor-type="wp-page" data-elementor-id="11" class="elementor elementor-11">
				<div class="elementor-element elementor-element-121a809 e-flex e-con-boxed e-con e-parent" data-id="121a809" data-element_type="container">
					<div class="e-con-inner">
				<div class="elementor-element elementor-element-40664a3 elementor-widget elementor-widget-heading" data-id="40664a3" data-element_type="widget" data-widget_type="heading.default">
					<h2 class="elementor-heading-title elementor-size-default">Witamy w Parafii pw. Świętego Wawrzyńca w Malawie</h2>				</div>
					</div>
				</div>
		<div class="elementor-element elementor-element-48d0041 e-flex e-con-boxed e-con e-parent" data-id="48d0041" data-element_type="container" data-settings="{&quot;background_background&quot;:&quot;classic&quot;}">
					<div class="e-con-inner">
				<div class="elementor-element elementor-element-d0a7e33 elementor-widget elementor-widget-image" data-id="d0a7e33" data-element_type="widget" data-widget_type="image.default">
															<img fetchpriority="high" decoding="async" width="1920" height="1081" src="https://parafiamalawa.pl/wp-content/uploads/2025/12/church.webp" class="attachment-full size-full wp-image-28" alt="" srcset="https://parafiamalawa.pl/wp-content/uploads/2025/12/church.webp 1920w, https://parafiamalawa.pl/wp-content/uploads/2025/12/church-300x169.webp 300w, https://parafiamalawa.pl/wp-content/uploads/2025/12/church-1024x577.webp 1024w, https://parafiamalawa.pl/wp-content/uploads/2025/12/church-768x432.webp 768w, https://parafiamalawa.pl/wp-content/uploads/2025/12/church-1536x865.webp 1536w" sizes="(max-width: 1920px) 100vw, 1920px" />															</div>
					</div>
				</div>
		<div class="elementor-element elementor-element-66df622 e-flex e-con-boxed e-con e-parent" data-id="66df622" data-element_type="container">
					<div class="e-con-inner">
				<div class="elementor-element elementor-element-bf7a2f3 elementor-widget elementor-widget-text-editor" data-id="bf7a2f3" data-element_type="widget" data-widget_type="text-editor.default">
									<p><span style="color: #000000;">Początki parafii i kościoła w Malawie są nieznane. Na pewno jednak parafia powstała za Kazimierza Wielkiego, który przyłączył do Polski Ruś Czerwoną, a więc przed 1370 r. Pierwszy, drewniany kościół parafialny p.w. Św. Wawrzyńca zbudowany w bliżej nie określonym czasie, został rozebrany z powodu wielkiej starości w 1720 r. Na tym samym miejscu, Józef Poniński dzierżawca Malawy, wybudował w 1721 r. nowy kościół, również drewniany, na dębowych podwalinach, kryty gontem, a w 1919 r. blachą. Później do tego kościoła dobudowano duży przedsionek. Ten drugi kościół spalił się 06.05.1921 r. Obecny kościół, murowany, parafia wybudowała własnymi siłami w ciągu dwóch lat, od 1921 da 1923 r. pod kierunkiem proboszcza ks. Franciszka Kotuli. Cały wystrój wewnętrzny kościoła, dostosowany do stylu neogotyckiego świątyni, wykonano również za tego proboszcza. Kościół został zbudowany w innym miejscu, gdyż dawna parcela leżąca na wzgórza była za mała. Poświęcił go bp Karol Józef Fischer w 1923 r., a konsekrował bp Franciszek Barda, Biskup Przemyski, w 1931 r.</span><br /><span style="color: #000000;">Parafia ma kościół dojazdowy p.w. św. Marii Magdaleny, znajdujący się na najwyższym wzniesieniu podrzeszowskiej okolicy (399 m n.p.m.). W 1994 r. obok kościółka wzniesiono wieżę nadawczą diecezjalnego Radia „VIA”. Na temat początków istnienia kościółka nie dysponujemy dostatecznymi dokumentami historycznymi. Pierwsza wzmianka w Archiwum Diecezji Przemyskiej o drewnianym kościółku pochodzi z XVII w. Wynika z niej, iż jeszcze 1627 r. na górce w Malawie stał kościół, który ocalał jako jeden z nielicznych w okolicy, podczas niszczycielskiego najazdu Tatarów w 1624 r. Biskup Przemyski kazał go przenieść do sąsiedniej wioski Krasne, gdzie służył wiernym aż do 1741 r. Później książe Jerzy Lubomirski wybudował nową kaplicę murowaną w stylu renesansowym, także p.w. św. Marii Magdaleny. U schyłku XVIII w. kościółek został opuszczony i uległ znacznemu zniszczeniu. Odbudowano go dopiero w 1847 r.</span></p>								</div>
					</div>
				</div>
		<div class="elementor-element elementor-element-326ffe0 e-flex e-con-boxed e-con e-parent" data-id="326ffe0" data-element_type="container">
					<div class="e-con-inner">
				<div class="elementor-element elementor-element-60f058d elementor-widget elementor-widget-text-editor" data-id="60f058d" data-element_type="widget" data-widget_type="text-editor.default">
									<h1>Prace nad przywróceniem i rozbudową witryny wciąż trwają.</h1><h1>Na chwilę obecną mają Państwo dostęp do podstawowych informacji oraz ogłoszeń parafialnych</h1>								</div>
					</div>
				</div>
		<div class="elementor-element elementor-element-05d0455 e-flex e-con-boxed e-con e-parent" data-id="05d0455" data-element_type="container">
					<div class="e-con-inner">
				<div class="elementor-element elementor-element-ec7f68d elementor-widget elementor-widget-image" data-id="ec7f68d" data-element_type="widget" data-widget_type="image.default">
															<img decoding="async" width="768" height="419" src="https://parafiamalawa.pl/wp-content/uploads/2025/12/prace_modernizacyjne-768x419.webp" class="attachment-medium_large size-medium_large wp-image-162" alt="" srcset="https://parafiamalawa.pl/wp-content/uploads/2025/12/prace_modernizacyjne-768x419.webp 768w, https://parafiamalawa.pl/wp-content/uploads/2025/12/prace_modernizacyjne-300x164.webp 300w, https://parafiamalawa.pl/wp-content/uploads/2025/12/prace_modernizacyjne-1024x559.webp 1024w, https://parafiamalawa.pl/wp-content/uploads/2025/12/prace_modernizacyjne-1536x838.webp 1536w, https://parafiamalawa.pl/wp-content/uploads/2025/12/prace_modernizacyjne-scaled.webp 1920w" sizes="(max-width: 768px) 100vw, 768px" />															</div>
					</div>
				</div>
				</div>

<p>Witamy w Parafii pw. Świętego Wawrzyńca w Malawie Początki parafii i kościoła w Malawie są nieznane. Na pewno jednak parafia [&hellip;]</p>
